23?
25828
In base 3, what is 20010112 + -10010?
20000102
In base 15, what is e5 - 50c?
-417
In base 15, what is -1c - 9d8?
-a05
In base 6, what is -202520 - 3?
-202523
In base 14, what is 1c6513 - -2?
1c6515
In base 11, what is 27 + -1371?
-1345
In base 5, what is 4 + 14243401?
14243410
In base 3, what is 11220 + 122002?
210222
In base 13, what is 67737 + 10?
67747
In base 7, what is 2632100 + 3?
2632103
In base 11, what is 39511 - 26?
39496
In base 11, what is 245 + -122?
123
In base 4, what is 10310320 - 2?
10310312
In base 5, what is 4312 + -12342?
-3030
In base 14, what is -1b050 + 5?
-1b049
In base 10, what is -1 - 83015?
-83016
In base 11, what is -5 - 4045?
-404a
In base 8, what is 4 - -311011?
311015
In base 12, what is 5 + -7451?
-7448
In base 10, what is 7 + -3632?
-3625
In base 3, what is -12 + -211002?
-211021
In base 7, what is -2 - -115623?
115621
In base 15, what is 2 + -b846c?
-b846a
In base 5, what is 213413 - 1?
213412
In base 3, what is 220110201220 - -10?
220110202000
In base 11, what is -2 + 8454?
8452
In base 2, what is -1001000111 + 1111110?
-111001001
In base 16, what is 5 - 62326?
-62321
In base 2, what is 1001011 - 10101101010111?
-10101100001100
In base 12, what is -1b4 + -732?
-926
In base 11, what is -1 - -26303?
26302
In base 13, what is -39 + 2488?
244c
In base 10, what is -724 + 2382?
1658
In base 15, what is 3c + -125?
-d8
In base 4, what is -3 + 102011021?
102011012
In base 5, what is -13 + 204202?
204134
In base 7, what is -353306 + 11?
-353265
In base 9, what is -370170 + -2?
-370172
In base 11, what is 3 - -aa659?
aa661
In base 9, what is 67 - -163?
241
In base 9, what is -3007483 + 2?
-3007481
In base 13, what is 7 - -134b9?
134c3
In base 3, what is -1202 - -20211?
12002
In base 3, what is -2121210 - 1020?
-2200000
In base 6, what is -105125451 - 1?
-105125452
In base 7, what is -22540 + -510?
-23350
In base 13, what is -6011 - 3?
-6014
In base 8, what is 171237 - 1?
171236
In base 9, what is -437 + -428?
-866
In base 5, what is 2242443 + 130?
2243123
In base 10, what is 5960727 + -5?
5960722
In base 2, what is -1 + 1001001101110000101?
1001001101110000100
In base 10, what is -655 - 325?
-980
In base 10, what is 1335 + 15?
1350
In base 13, what is 1bb + -18a?
31
In base 2, what is -10111 - -1010101110000000?
1010101101101001
In base 8, what is 43 + -50?
-5
In base 11, what is 80512 - 2?
80510
In base 5, what is -1 + 122121433?
122121432
In base 10, what is 4 + -19707?
-19703
In base 10, what is 723 - 230?
493
In base 6, what is 4 - 2230400?
-2230352
In base 6, what is -44515 - -2404?
-42111
In base 15, what is -5 - -62b4?
62ae
In base 9, what is 7 - -17536?
17544
In base 7, what is 6 + 1152425?
1152434
In base 3, what is -1020211020 + 11202?
-1020122111
In base 11, what is 1a0 - -1753?
1943
In base 15, what is -1 - -5e14?
5e13
In base 15, what is -6232 - -4?
-622d
In base 3, what is 10 - 11101211221?
-11101211211
In base 2, what is -10111111001101000 - -100?
-10111111001100100
In base 2, what is 0 - -110101001001110010?
110101001001110010
In base 14, what is 22b58 + -1?
22b57
In base 8, what is 35766 - 45?
35721
In base 16, what is 19 + -19aa6?
-19a8d
In base 14, what is 55 + -749?
-6d4
In base 15, what is b880 + 4?
b884
In base 14, what is -3 + a7d?
a7a
In base 6, what is 10 + -4150?
-4140
In base 8, what is -6660662 - -2?
-6660660
In base 12, what is 0 - -38b?
38b
In base 14, what is aa9b - -3?
aaa0
In base 14, what is 32 - 3620?
-35cc
In base 10, what is 183477 - -1?
183478
In base 12, what is -aa61a - 1?
-aa61b
In base 7, what is -145022 - -42?
-144650
In base 11, what is -25918 + 1?
-25917
In base 3, what is -11 - -221201011?
221201000
In base 7, what is 6 - 600014?
-600005
In base 14, what is -4a - -21d?
1b3
In base 16, what is -42f + c7?
-368
In base 10, what is 76 + -17642?
-17566
In base 13, what is -266 + -270?
-506
In base 10, what is -126 + 20069?
19943
In base 11, what is -2 + -35774?
-35776
In base 11, what is -1002a - 27?
-10056
In base 13, what is 24b46 - -2?
24b48
In base 11, what is -64 - 1a2?
-256
In base 16, what is 4c - d?
3f
In base 4, what is -3300 - -100?
-3200
In base 5, what is -31 - 33332?
-33413
In base 5, what is 2 - -101223?
101230
In base 7, what is 105 - 6313?
-6205
In base 2, what is -1111 + 1010010011000?
1010010001001
In base 13, what is 7b2 - 1?
7b1
In base 12, what is -14b0a6 + -4?
-14b0aa
In base 7, what is -4501 + -255?
-5056
In base 7, what is -3 - 333414?
-333420
In base 11, what is -2 - 19616?
-19618
In base 2, what is -10 - 100100101101100?
-100100101101110
In base 13, what is -98 + -117?
-1b2
In base 7, what is 312 + 113153?
113465
In base 6, what is 5155352 - -3?
5155355
In base 13, what is 3 + 4b88?
4b8b
In base 7, what is -5 - 66566?
-66604
In base 8, what is 341413 - -3?
341416
In base 9, what is 34 + -11845?
-11811
In base 5, what is -130 - -124423?
124243
In base 5, what is -211232 + -3041?
-214323
In base 7, what is 10463 + 6?
10502
In base 13, what is -16cb + -6c?
-176a
In base 13, what is a0c3b - 5?
a0c36
In base 7, what is 22105 + 55?
22163
In base 16, what is 9 - -15c7f?
15c88
In base 3, what is -2 + 12110122?
12110120
In base 3, what is -2 + -2002012010110?
-2002012010112
In base 12, what is 199b3 - 5?
199aa
In base 16, what is b9a0e - 0?
b9a0e
In base 4, what is 302133 + 1110?
303303
In base 2, what is 11 - -100011101111001100?
100011101111001111
In base 12, what is 55 - -698a?
6a23
In base 15, what is 4d96 - 7?
4d8e
In base 13, what is -2576 - 18?
-2591
In base 2, what is 101 + 10011000011010101?
10011000011011010
In base 4, what is -230 + -303330?
-310220
In base 10, what is -5 - -104712?
104707
In base 3, what is -110002110 - 2?
-110002112
In base 12, what is 11191 - 29?
11164
In base 4, what is -3001 - -13133?
10132
In base 3, what is 121001 - 211?
120020
In base 12, what is 3a94 + 2?
3a96
In base 10, what is 10808 + -3?
10805
In base 8, what is 4 + -277126?
-277122
In base 13, what is 2006b + 5?
20073
In base 14, what is 15b + 1c08?
1d65
In base 4, what is -12121 - 102201?
-120322
In base 10, what is 263 + -281?
-18
In base 15, what is 4 - 1c67?
-1c63
In base 9, what is -1200 - 183?
-1383
In base 15, what is -4 - -7099?
7095
In base 16, what is -38b698 + 1?
-38b697
In base 3, what is 1000 + -10110212?
-10102212
In base 15, what is -102823 + 1?
-102822
In base 14, what is 6 - -2903?
2909
In base 12, what is -1b - -b06?
aa7
In base 9, what is 2 + -41700?
-41687
In base 2, what is -11001101 - 1100111001?
-10000000110
In base 4, what is -2 + 322333211?
322333203
In base 7, what is -4 - -165?
161
In base 11, what is 1251 - -157?
13a8
In base 15, what is 5 - -a2dba?
a2dc0
In base 2, what is -110 - -101001000100011100?
101001000100010110
In base 12, what is 6 + 4966?
4970
In base 16, what is -28d7 - -3?
-28d4
In base 4, what is 13110323130 + 2?
13110323132
In base 13, what is -1a99 + -69?
-1b35
In base 2, what is 1010001011111101000000 + 0?
1010001011111101000000
In base 7, what is 113 + -42242?
-42126
In base 14, what is -549 + -6b1?
-c1a
In base 7, what is -65340 - -1?
-65336
In base 4, what is -110 + -1000222?
-1000332
In base 8, what is 35 - 1156?
-1121
In base 10, what is 14992 - 43?
14949
In base 2, what is -11000101011010100 - -101?
-11000101011001111
In base 6, what is 2230003 + -4?
2225555
In base 3, what is 110012 - 202?
102110
In base 5, what is 11 - 11223020?
-11223004
In base 2, what is -11011100111001 + 10?
-11011100110111
In base 8, what is -14162 + -50?
-14232
In base 6, what is -13003 - -13?
-12550
In base 9, what is -1188 + -1?
-1200
In base 11, what is -52 + 32a17?
32975
In base 10, what is 5624 - 2?
5622
In base 13, what is 10261 - 1?
10260
In base 3, what is 1221201 + 21120?
2020021
In base 14, what is -2 - -bd05?
bd03
In base 3, what is 10 - 2022222021?
-2022222011
In base 4, what is -231 - 122303122?
-122310013
In base 9, what is 1 - -112027?
112028
In base 2, what is -1 - -10101111100000?
10101111011111
In base 14, what is aa - 16?
94
In base 7, what is 1 + -2215345?
-2215344
In base 6, what is 14015151 - 0?
14015151
In base 5, what is -3 - -24042041?
24042033
In base 15, what is 5255 - -3?
5258
In base 11, what is 1 - -7080?
7081
In base 11, what is -1a1 - 526?
-717
In base 4, what is 110100101 - 3?
110100032
In base 16, w